t m(x) be the second derivative of x**4/24 - 2*x**3/3 - 3*x**2 + x + 34. Let w(s) be the first derivative of m(s). What is w(13)?
9
Let d(s) = -6*s - 19. Suppose 4*i + 40 = -4*r, 235*r + 60 = -4*i + 236*r. Calculate d(i).
65
Let m(l) = -3*l**2 + 3*l - 7. Let a(x) = 4*x**2 - 4*x + 8. Let p(k) = 2*a(k) + 3*m(k). Let w = 6 - 1. Suppose -5*h + 5 = 4*g - 0, -2*g + 5*h = w. What is p(g)?
-5
Let k = 6740 - 6764. Let t(g) = -g**2 - 23*g - 14. Calculate t(k).
-38
Let v(h) = -3*h**2 + 287*h - 22. Let y(a) = -a**2 + 109*a - 7. Let g(q) = -3*v(q) + 8*y(q). Suppose 16 = -2*b + 3*s - 6*s, 4*s - 16 = 2*b. Calculate g(b).
-14
Suppose -15*q = -17*q. Let b(i) be the third derivative of -i**6/120 + i**4/24 + 5*i**3/6 - 8*i**2. Give b(q).
5
Let i(j) = -3*j + 7. Suppose 3*a + 1440 = -a - 4*m, -4*a - 1485 = -5*m. Let l = 370 + a. Calculate i(l).
-8
Let p(f) = -f**2 - 5*f - 4. Suppose -149*t = -138*t + 11. Let k(z) = 7*z + 4. Let a be k(t). Determine p(a).
2
Let d = -30 + -62. Let x = 43 + d. Let g = 60 + x. Let a(i) = -i**2 + 10*i + 3. Determine a(g).
-8
Let o(u) = -24*u**3 + 9*u**2 + 89*u - 38. Let r(y) = 13*y**3 - 4*y**2 - 45*y + 21. Let d(i) = 6*o(i) + 11*r(i). Determine d(13).
3
Let y(w) be the second derivative of -w**3/2 - 7*w**2/2 - 96*w. Suppose -14*p - 40 = 2. Calculate y(p).
2
Suppose -7*x + 425 = 2602. Let k = x - -313. Let m(s) be the third derivative of -s**6/120 + s**5/20 - s**3/3 + 2*s**2. What is m(k)?
2
Let h(m) = m**2 - 12*m - 7. Suppose -2*n + 5*o = -24, -73*o - 24 = -2*n - 77*o. Give h(n).
-7
Let x(n) = 1483*n**2 + 344 - 351 + 9*n - n**3 - 1478*n**2. Let f be ((-6)/(-6))/((-2)/(-14)). What is x(f)?
-42
Let a be (585/39)/((-22 + 4)/(-6)). Let b(k) be the third derivative of -k**5/30 + 5*k**4/24 + k**3/2 - k**2. Calculate b(a).
-22
Let x(b) = b**2 - b + 1. Let n(p) = -3*p**2 - 2*p + 2. Let f(u) = n(u) - 2*x(u). Suppose 4*a = r - 11, 27*r = -5*a + 32*r - 40. Determine f(a).
-5
Suppose -1669760*f = -1669754*f - 30. Let j(o) = -2*o**2 - 1 - 6*o + 3*o**2 - 2. Determine j(f).
-8
Let c(g) = -1 + g**2 - 2 + 6 + 2*g. Suppose -t = -x, 12*x - 6 = 7*x + 3*t. Suppose x*w + u = -1, -5*u + 24 = -w - 3. Calculate c(w).
3
Let z(w) = 36 - 17*w - 185 + 6*w + 6*w**2 - 31*w - 7*w**2. Calculate z(-4).
3
Let r = -911 + 923. Let y(o) = -o - o - 3*o - r + 3*o. Determine y(-11).
10
Let r(u) = -7*u + 58773493*u**2 - u**3 - 58773486*u**2 + 3 + 0*u. Suppose 2*l - 24 = -5*w - l, -3*l - 24 = -3*w. Calculate r(w).
-3
Let b(w) = w**3 - 4*w**2 - 14*w + 3. Suppose -18 = 77*o - 80*o. Determine b(o).
-9
Let m = 143 - 139. Let s(h) = -m - h**2 - 12*h + 18*h - 2. What is s(4)?
2
Let u(b) = -b + 4. Let i = 24 + -19. Let x = 42 - i. Let q = -42 + x. Determine u(q).
9
Let c(o) = -2*o**3 - 10*o**2 + o - 3. Let d be c(-5). Let w(q) = q**3 + 9*q**2 + 7*q - 8. Let p be w(d). Let v(n) = n + 4. Calculate v(p).
4
Let b be (-8)/2 + (0 - -2). Let x(y) = -3*y**2 - 3*y - 8. Give x(b).
-14
Let i(x) = x - 10*x**3 - 20*x**3 + 40*x**3 - x**2 + 4 - 11*x**3. Determine i(2).
-6
Suppose 1224 = 108*d + 28*d. Let c(v) = -2*v + 36. What is c(d)?
18
Let b = 138 + -117. Let k be 129/b - (-10)/(-70). Let y(m) = 12*m - 9 - m**2 - 3*m + 0*m**2. Calculate y(k).
9
Let j(g) = -1 - 5 - g + 2. Let h be j(-11). Let m(p) be the first derivative of -p**2 - 9*p - 6658. Give m(h).
-23
Let c be (-4)/130 - (-37926)/(-9555). Let f(k) = -k + 1. Let p(r) = 3*r + 3. Let w(n) = -2*f(n) - p(n). Give w(c).
-1
Let l(u) = -2*u - 9. Suppose 0 = -14*s - 477 + 421. What is l(s)?
-1
Suppose 4*q - 3 = 1. Suppose 5*a = 3*g + 37, 0 = -4*a + 7*a + 4*g + q. Let r(p) = 4*p**2 - 2*p**2 - 5 - 4*p**2 + 9 + 5*p + p**2. Give r(a).
4
Let v(h) = -h**3 - 4*h**2 + 8*h + 17. Let n be 3/6 + 9 + (-58)/4. Give v(n).
2
Let i(d) = 1 - 1 - 4*d - 1. Let c = -25 - -31. Let f(b) = -8*b - 1. Let l(j) = c*f(j) - 11*i(j). What is l(5)?
-15
Let q(z) = -11*z**2 - 14*z - 15. Let u(a) = 38*a**2 + 42*a + 44. Let j(k) = 7*q(k) + 2*u(k). Calculate j(-10).
23
Let n(f) be the second derivative of f**5/20 - f**4/2 - 3*f**2/2 + 2*f. Let i(r) = -2*r**3 + 3*r**2 - 6*r + 21. Let g be i(6). Let l = g - -345. Determine n(l).
-3
Let a(s) = -s**3 + s**2 + 24. Let b be a(0). Let z be b/(-6) + 3 + 62. Let q(i) = -i**2 - 9 + 2*i**3 + z*i - 63*i + 9. Calculate q(2).
8
Let o(h) = h**2 + 9*h + 18. Let m = 2415 + -2421. Calculate o(m).
0
Let v(m) = -m**2 + 2. Let z be (-2)/(-4) + 299/26. Let f = -28 - -61. Suppose c - z*c = f. What is v(c)?
-7
Let l(p) = p + 5. Suppose -14 = -4*t + 5*k, 0 = 5*t - 3*k + 200 - 224. What is l(t)?
11
Let u(h) = h**2 - 8*h - 4. Suppose -a + 16*o - 13*o + 8 = 0, -a + 5*o + 10 = 0. Suppose -a*v + 28 = 3*b + b, -4*b = -5*v - 28. Give u(b).
-11
Let m(w) = 3*w + 2. Suppose -6*l = -15*l + 2043. Let v = -229 + l. Determine m(v).
-4
Let c(n) = n**3 + 2*n**2 - 4*n + 2. Suppose -3*d + 15 = 2*d. Suppose 2*t + d*w + w = 0, -5*t - 16 = 2*w. Let u be t/(-8)*(0 - -4). Give c(u).
10
Let f(u) = 14*u + 4. Suppose 48*a + 56*a = 887 - 263. Give f(a).
88
Let g(f) = -4*f - 5*f - 3*f - f + 7*f**2 + 17*f + f**3 + 7. Suppose 4*k + 22 - 2 = 0. Give g(k).
37
Let f(a) be the third derivative of -a**6/120 + a**5/12 + 5*a**4/24 - a**3/3 - a**2. Let v be -6*(-6 + (160/105)/(38/133)). Calculate f(v).
34
Let l(u) = 4*u**3 - u**2 - u + 4. Let h be (-4)/32*-1 + 1290/688. Calculate l(h).
30
Let j(y) = 3*y**2 - 12*y + 4. Let h(m) = 11*m**2 - 37*m + 7. Let g(b) = -2*h(b) + 7*j(b). What is g(-9)?
23
Let l(w) = -1 - 1 + 4 - w. Let s(m) = 4*m + 86. Let d be s(-22). Let f be ((2 - 3)*1)/(d/8). What is l(f)?
-2
Suppose -13*j + 7*j - 12*j + 126 = 0. Let v(p) = -p + 3*p**2 + 1 - 4*p**2 + 10*p. Calculate v(j).
15
Let l(i) = i**2 - 37*i - 7. Let j(g) = g**2 - 31*g - 8. Let b(s) = -6*j(s) + 5*l(s). What is b(3)?
7
Let l(f) = -42 + 110 + 30 + 23144*f - 23154*f + 131. Calculate l(21).
19
Let i(l) be the third derivative of -l**4/12 + 13*l**3/6 - 960*l**2. Give i(10).
-7
Let b(h) = -h - 3. Let g be b(-2). Let p(y) = -5*y**2 - 9. Let m = 0 - -3. Let i(v) = 5*v**2 + 6. Let d(r) = m*i(r) + 2*p(r). Give d(g).
5
Let z(f) = -3 + 26*f**2 + 5 - 2*f - 1. Suppose 589 = -5*v + 594. Give z(v).
25
Suppose 15 = 7*p + 57. Let c(q) = -11*q**2 - 4*q - 9. Let n(t) = 13*t**2 + 5*t + 11. Let b(w) = p*n(w) - 7*c(w). Give b(-2).
-3
Let g(r) = -209*r - 1044. Let z be g(-5). Let j(s) = -5*s**2 + 6*s + 1. Give j(z).
2
Let i = 26034 - 26034. Let x(g) = 17*g - 12. Determine x(i).
-12
Let x(p) = -32 - 3*p**2 + 4691*p - 4707*p + 2*p**2. Give x(-19).
-89
Let p(a) = a**2 - 3*a + 1. Suppose 6*l - 9*l - 13 = -2*g, -5*l + 5 = 2*g. Suppose j + 11 = -3*h + 24, -4*h = -g*j - 30. Give p(h).
11
Let a(n) = 3*n - 11. Let o be a(2). Let s(v) = 5*v**3 + v**2 + 9*v + 8. Let i(z) = 3*z**3 + z**2 + 6*z + 5. Let j(m) = o*s(m) + 8*i(m). Give j(3).
9
Let c = -2526 + 2532. Let q(i) = i**2 + i - 35. Calculate q(c).
7
Let g(h) = -4*h + 3*h - 9 - 2*h. Let v(q) = 8*q - 38. Let k be v(5). Suppose -42 = 5*a - 4*b, 23*a + 12 = 22*a + k*b. Determine g(a).
9
Let s(r) = r**2 - 7*r - 1. Let c be ((-24)/10)/(27/90). Let n be ((-10)/c)/5 + (-46)/(-8). Determine s(n).
-7
Let t(r) = r**3 + 7*r**2 - 4*r - 3. Let q(h) = -h**3 + 30*h**2 - 4*h + 113. Suppose -2*z - 2*v - 3*v + 85 = 0, 3*v = 4*z - 105. Let m be q(z). Give t(m).
25
Let b(h) be the second derivative of h**5/20 + h**4/12 - 2*h**3/3 - 2*h**2 - 1177*h. Determine b(-4).
-36
Let x = -44 + 46. Suppose -4*k - 20 = -5*h, 4*k - x = 2*h + 2. Let n(f) = -2*f - 5*f + h*f + 7. Give n(-6).
1
Suppose 2*d - 50 = 5*u, 3*u = u - d - 11. Let j(t) = 47*t**2 + 10*t - 16. Let i(h) = -17*h**2 - 3*h + 5. Let x(s) = 11*i(s) + 4*j(s). Determine x(u).
-1
Let b be 14 - (-4 + 3) - 18. Let i(j) = 3*j**2 + j - 3. Give i(b).
21
Let p(c) = -3*c**2 + 41*c + 21. Let z(l) = -4*l**2 + 42*l + 21. Let g(j) = -7*p(j) + 6*z(j). Let f be g(-11). Let i(a) = -a**3 - a**2 - a + 1. Determine i(f).
-2
Let f(x) = -x**2 + 5*x + 469 + 3*x + 2*x**2 - 216 - 238. What is f(-7)?
8
Suppose 1200 = 47*a + 53*a. Let z(f) = -3*f**2 + 35*f + 18. What is z(a)?
6
Let d(o) = -9*o + 15. Let j = 101 - 96. Suppose 42 = -j*k + 3*v, 5*v = -k + 2*k + 26. Let y(f) = 5*f - 7. Let i(x) = k*d(x) - 13*y(x). What is i(-1)?
12
Let j(o) be the third derivative of o**8/20160 - o**7/560 - o**6/144 + 52*o**5/15 + o**2 + 10*o. Let m(c) be the third derivative of j(c). Give m(8).
-13
Let n(m